 5, 2221
List the prime factors of 3422.
2, 29, 59
What are the prime factors of 897?
3, 13, 23
List the prime factors of 49457.
19, 137
List the prime factors of 8841.
3, 7, 421
List the prime factors of 5359.
23, 233
What are the prime factors of 1457?
31, 47
What are the prime factors of 6702?
2, 3, 1117
List the prime factors of 52767.
3, 11, 13, 41
List the prime factors of 481.
13, 37
List the prime factors of 2435.
5, 487
List the prime factors of 606.
2, 3, 101
List the prime factors of 3632.
2, 227
List the prime factors of 13678.
2, 7, 977
What are the prime factors of 10036?
2, 13, 193
What are the prime factors of 17809?
11, 1619
What are the prime factors of 452?
2, 113
What are the prime factors of 14637?
3, 7, 17, 41
What are the prime factors of 12986?
2, 43, 151
What are the prime factors of 130?
2, 5, 13
What are the prime factors of 7288?
2, 911
What are the prime factors of 1293?
3, 431
List the prime factors of 1127.
7, 23
List the prime factors of 8350.
2, 5, 167
What are the prime factors of 31480?
2, 5, 787
List the prime factors of 64353.
3, 19, 1129
What are the prime factors of 145206?
2, 3, 2689
List the prime factors of 32416.
2, 1013
List the prime factors of 10483.
11, 953
What are the prime factors of 6897?
3, 11, 19
What are the prime factors of 39458?
2, 109, 181
List the prime factors of 13605.
3, 5, 907
What are the prime factors of 57922?
2, 28961
List the prime factors of 7810.
2, 5, 11, 71
What are the prime factors of 988?
2, 13, 19
List the prime factors of 1474.
2, 11, 67
List the prime factors of 1434.
2, 3, 239
What are the prime factors of 13678?
2, 7, 977
List the prime factors of 31705.
5, 17, 373
What are the prime factors of 5990?
2, 5, 599
List the prime factors of 3529.
3529
List the prime factors of 1096.
2, 137
List the prime factors of 18484.
2, 4621
List the prime factors of 86916.
2, 3, 7243
List the prime factors of 20352.
2, 3, 53
List the prime factors of 16820.
2, 5, 29
What are the prime factors of 39295?
5, 29, 271
List the prime factors of 1563.
3, 521
What are the prime factors of 31394?
2, 11, 1427
List the prime factors of 29991.
3, 13, 769
List the prime factors of 10554.
2, 3, 1759
What are the prime factors of 8362?
2, 37, 113
List the prime factors of 3640.
2, 5, 7, 13
List the prime factors of 605.
5, 11
What are the prime factors of 502?
2, 251
What are the prime factors of 1080?
2, 3, 5
List the prime factors of 454.
2, 227
List the prime factors of 2141.
2141
List the prime factors of 1379.
7, 197
List the prime factors of 2745.
3, 5, 61
What are the prime factors of 65128?
2, 7, 1163
List the prime factors of 8210.
2, 5, 821
List the prime factors of 18820.
2, 5, 941
What are the prime factors of 98934?
2, 3, 11, 1499
What are the prime factors of 28410?
2, 3, 5, 947
List the prime factors of 12177.
3, 11, 41
What are the prime factors of 99444?
2, 3, 8287
List the prime factors of 19911.
3, 6637
What are the prime factors of 31882?
2, 19, 839
List the prime factors of 18858.
2, 3, 7, 449
What are the prime factors of 58?
2, 29
List the prime factors of 175.
5, 7
What are the prime factors of 3874?
2, 13, 149
What are the prime factors of 341?
11, 31
What are the prime factors of 2778?
2, 3, 463
What are the prime factors of 16348?
2, 61, 67
List the prime factors of 898.
2, 449
List the prime factors of 28105.
5, 7, 11, 73
What are the prime factors of 23701?
137, 173
List the prime factors of 6499.
67, 97
What are the prime factors of 17358?
2, 3, 11, 263
What are the prime factors of 55642?
2, 43, 647
What are the prime factors of 4196?
2, 1049
What are the prime factors of 58790?
2, 5, 5879
List the prime factors of 3641.
11, 331
List the prime factors of 5379.
3, 11, 163
List the prime factors of 3192.
2, 3, 7, 19
List the prime factors of 31671.
3, 17, 23
What are the prime factors of 260?
2, 5, 13
List the prime factors of 392.
2, 7
List the prime factors of 11279.
11279
List the prime factors of 6900.
2, 3, 5, 23
What are the prime factors of 857?
857
List the prime factors of 4359.
3, 1453
What are the prime factors of 15338?
2, 7669
List the prime factors of 3417.
3, 17, 67
What are the prime factors of 23705?
5, 11, 431
What are the prime factors of 941?
941
What are the prime factors of 17467?
17467
List the prime factors of 156.
2, 3, 13
What are the prime factors of 19200?
2, 3, 5
List the prime factors of 1932.
2, 3, 7, 23
List the prime factors of 1590.
2, 3, 5, 53
List the prime factors of 10914.
2, 3, 17, 107
List the prime factors of 60607.
60607
List the prime factors of 650.
2, 5, 13
List the prime factors of 650.
2, 5, 13
What are the prime factors of 1998?
2, 3, 37
List the prime factors of 19421.
19421
List the prime factors of 65361.
3, 21787
What are the prime factors of 6031?
37, 163
List the prime factors of 27829.
17, 1637
List the prime factors of 1030.
2, 5, 103
What are the prime factors of 5589?
3, 23
List the prime factors of 90427.
31, 2917
List the prime factors of 16292.
2, 4073
What are the prime factors of 951?
3, 317
List the prime factors of 57257.
31, 1847
What are the prime factors of 9037?
7, 1291
What are the prime factors of 21109?
11, 19, 101
What are the prime factors of 2177?
7, 311
List the prime factors of 145929.
3, 7, 6949
What are the prime factors of 29358?
2, 3, 7, 233
What are the prime factors of 3308?
2, 827
List the prime factors of 97105.
5, 19421
List the prime factors of 173471.
41, 4231
List the prime factors of 6946.
2, 23, 151
What are the prime factors of 1720?
2, 5, 43
List the prime factors of 6257.
6257
List the prime factors of 751.
751
List the prime factors of 883.
883
List the prime factors of 4596.
2, 3, 383
List the prime factors of 9725.
5, 389
What are the prime factors of 856?
2, 107
List the prime factors of 55519.
59, 941
What are the prime factors of 5732?
2, 1433
List the prime factors of 8165.
5, 23, 71
List the prime factors of 5340.
2, 3, 5, 89
List the prime factors of 5591.
5591
What are the prime factors of 667?
23, 29
List the prime factors of 4024.
2, 503
List the prime factors of 1094.
2, 547
What are the prime factors of 702?
2, 3, 13
What are the prime factors of 7761?
3, 13, 199
What are the prime factors of 5649?
3, 7, 269
List the prime factors of 27881.
7, 569
List the prime factors of 6228.
2, 3, 173
What are the prime factors of 603?
3, 67
What are the prime factors of 11720?
2, 5, 293
List the prime factors of 4504.
2, 563
List the prime factors of 13390.
2, 5, 13, 103
What are the prime factors of 1287?
3, 11, 13
List the prime factors of 66532.
2, 16633
What are the prime factors of 67662?
2, 3, 7, 179
List the prime factors of 15391.
15391
What are the prime factors of 21598?
2, 10799
What are the prime factors of 658?
2, 7, 47
List the prime factors of 3470.
2, 5, 347
What are the prime factors of 1304?
2, 163
What are the prime factors of 129742?
2, 64871
List the prime factors of 483.
3, 7, 23
What are the prime factors of 2389?
2389
What are the prime factors of 128888?
2, 16111
What are the prime factors of 3572?
2, 19, 47
What are the prime factors of 3507?
3, 7, 167
What are the prime factors of 149141?
17, 31, 283
List the prime factors of 19288.
2, 2411
List the prime factors of 188218.
2, 94109
What are the prime factors of 12577?
12577
What are the prime factors of 18?
2, 3
List the prime factors of 96.
2, 3
What are the prime factors of 849?
3, 283
What are the prime factors of 4688?
2, 293
What are the prime factors of 8139?
3, 2713
List the prime factors of 1201.
1201
List the prime factors of 4021.
4021
List the prime factors of 37436.
2, 7, 191
List the prime factors of 67637.
239, 283
What are the prime factors of 2706?
2, 3, 11, 41
What are the prime factors of 4946?
2, 2473
What are the prime factors of 49?
7
List the prime factors of 533.
13, 41
What are the prime factors of 83429?
19, 4391
What are the prime factors of 120653?
13, 9281
List the prime factors of 84844.
2, 21211
List the prime factors of 3299.
3299
List the prime factors of 5685.
3, 5, 379
List the prime factors of 75705.
3, 5, 7, 103
List the prime factors of 177.
3, 59
What are the prime factors of 146155?
5, 29231
List the prime factors of 469.
7, 67
What are the prime facto